?
11114
In base 11, what is 1984 + -20534?
-19660
In base 15, what is 5 - -b8043?
b8048
In base 5, what is -2111033200 + -4?
-2111033204
In base 15, what is 64eeb82 + -5?
64eeb7c
In base 13, what is 257b435 - -23?
257b458
In base 4, what is -1 - -31022213211113?
31022213211112
In base 12, what is -183 - 107739?
-107900
In base 11, what is -1aa9 - -4a85?
2a87
In base 6, what is 3225231 + 1513?
3231144
In base 10, what is 90 + -20121?
-20031
In base 3, what is 1002 - 1210201211222122?
-1210201211221120
In base 11, what is 158 - 9037?
-898a
In base 16, what is 436bd + -29d?
43420
In base 3, what is 110000221221001212 - 2?
110000221221001210
In base 13, what is -5 - 3864832?
-3864837
In base 2, what is 10 - -10001110010011011110?
10001110010011100000
In base 3, what is -1001 - -100202010201?
100202002200
In base 16, what is c41626 + 2?
c41628
In base 8, what is -1424 + -352274?
-353720
In base 8, what is 4477341 - -1700?
4501241
In base 2, what is 100001100000010010000101 + 11100?
100001100000010010100001
In base 9, what is 444528152 - 1?
444528151
In base 5, what is -120 + -44140133?
-44140303
In base 2, what is -11100010101101110000110 - 110?
-11100010101101110001100
In base 8, what is 65227 + -3203?
62024
In base 14, what is 10 - -18b7a29?
18b7a39
In base 15, what is -c + -6a26?
-6a33
In base 4, what is -20101123221232 + 1?
-20101123221231
In base 8, what is -11325133 + 15?
-11325116
In base 11, what is -66521094a - -3?
-665210947
In base 5, what is -14321010 - 20003?
-14341013
In base 12, what is -2 + 19406?
19404
In base 2, what is 100 - 11111010110100111001?
-11111010110100110101
In base 2, what is -1010011011011 + 1110011100?
-1000100111111
In base 14, what is 4 - -68623d5?
68623d9
In base 16, what is bd4b - 540?
b80b
In base 12, what is b18 + 62a3?
71bb
In base 14, what is 1dd3 + 7d37?
9d2a
In base 8, what is -16 + 443432?
443414
In base 8, what is -432575 - -36?
-432537
In base 10, what is 345065 + 2?
345067
In base 6, what is -25 + 3051402014?
3051401545
In base 9, what is 23 + 1352285?
1352318
In base 6, what is -104034 + 335?
-103255
In base 10, what is 1527299 - -15?
1527314
In base 3, what is 212200 + -11020012?
-10100112
In base 16, what is -3b2b - -6b6?
-3475
In base 6, what is -354541442 - 2?
-354541444
In base 5, what is 100230 - -20033?
120313
In base 16, what is -3e - -c9b0b?
c9acd
In base 2, what is 1001101111100010 + 10010001000?
1010000001101010
In base 3, what is 2010200011001222 + -21?
2010200011001201
In base 4, what is 2313002 + -121132?
2131210
In base 9, what is -138554 - -342?
-138212
In base 10, what is -3340811 - -5?
-3340806
In base 4, what is 230101 + 111121?
1001222
In base 4, what is -332132030 + 103?
-332131321
In base 7, what is 111 + -26262342?
-26262231
In base 13, what is -2c5 - 163a59?
-164051
In base 6, what is 40 - 44041354?
-44041314
In base 9, what is 521016 + 883?
522010
In base 4, what is -22221 - -23101003?
23012122
In base 5, what is 122122 - 4004?
113113
In base 3, what is -1002002022100000 + -222?
-1002002022100222
In base 2, what is -1110011100101011111111010 + 11?
-1110011100101011111110111
In base 13, what is 570270 + a2?
570342
In base 3, what is 10 + 22212200011222011?
22212200011222021
In base 5, what is -2100214 - 1434?
-2102203
In base 16, what is 4 + 16adb35e?
16adb362
In base 6, what is 253245130403 - -5?
253245130412
In base 12, what is 9b32 + -b4b?
8ba3
In base 3, what is -1012022202201212110 - 10?
-1012022202201212120
In base 9, what is -15126 - 320?
-15446
In base 3, what is -1 + -12112012020122?
-12112012020200
In base 8, what is -4710626 + 202?
-4710424
In base 5, what is -111 + -103020113?
-103020224
In base 3, what is -2012010 + -102120221?
-111210001
In base 3, what is 101110012 - 1210102011?
-1101221222
In base 10, what is -16207446 - -4?
-16207442
In base 16, what is 3d5 + 5ab7d?
5af52
In base 6, what is -4523014 + -5130?
-4532144
In base 10, what is -10 - -620189?
620179
In base 13, what is 2122 - 903?
151c
In base 16, what is 54ad26e + -3?
54ad26b
In base 14, what is 43c07 + 1a?
43c23
In base 16, what is -7da - 258f4?
-260ce
In base 12, what is 2 + 45168125?
45168127
In base 15, what is -33e + -21c322?
-21c661
In base 16, what is -45 - -271f1?
271ac
In base 16, what is -902c4 + -14b?
-9040f
In base 15, what is 5 - 41b1d8?
-41b1d3
In base 10, what is 2494005 - -23?
2494028
In base 7, what is -13 + 21366021?
21366005
In base 2, what is 11110101 + -111000101110000000100?
-111000101101100001111
In base 2, what is -1010010110000110100100100 - -11000?
-1010010110000110100001100
In base 9, what is 3 - -42880477?
42880481
In base 12, what is 46a82511 - -1?
46a82512
In base 9, what is 431 - 66238?
-65707
In base 10, what is 5 + 221447349?
221447354
In base 3, what is 110 - 221002002211?
-221002002101
In base 2, what is 11110101010100001 + -10?
11110101010011111
In base 5, what is -304 - 10222222?
-10223031
In base 11, what is 972405 - -17?
972421
In base 14, what is -7140 - 690?
-77d0
In base 8, what is 6400303 + 406?
6400711
In base 11, what is -20013a + -4?
-200143
In base 2, what is -100001111000 - -1110101111010101?
1110001101011101
In base 15, what is -2c - -16c75?
16c48
In base 11, what is 544 + -20a08?
-20474
In base 3, what is -11010 - 222202202201?
-222202220211
In base 9, what is 4017 + 634016?
638034
In base 5, what is 23 - -3321130122?
3321130200
In base 4, what is 11 - -2210012210?
2210012221
In base 5, what is 41441201 - 42?
41441104
In base 13, what is 1c2619 + -5?
1c2614
In base 11, what is 5 - -4057a825?
4057a82a
In base 12, what is -33 - -2b1b891?
2b1b85a
In base 2, what is -101100111101001 - -1001011100?
-101011110001101
In base 16, what is -1fe5 + -abb?
-2aa0
In base 4, what is 122 - 210032120031?
-210032113303
In base 10, what is -4 - -11934284?
11934280
In base 16, what is 1 + dc9b89?
dc9b8a
In base 3, what is -220210110 + -21112122?
-1012100002
In base 3, what is 1011101110100001112 + -10?
1011101110100001102
In base 4, what is -202102020 - 3322?
-202112002
In base 8, what is 12602 + 10542?
23344
In base 12, what is 0 - -2b05124?
2b05124
In base 14, what is -1111cc3 + 13?
-1111cb0
In base 7, what is 26465 + -151220?
-121422
In base 3, what is -1221 - -1212121001121221?
1212121001120000
In base 6, what is -2 - -202151532?
202151530
In base 7, what is -1 - 2534052?
-2534053
In base 7, what is 1444 - -12352?
14126
In base 5, what is 403244010 + 0?
403244010
In base 9, what is 3435 - -223784?
227330
In base 6, what is 404 - 34032?
-33224
In base 4, what is 10131301 - -20123?
10212030
In base 6, what is -22 + -10045353?
-10045415
In base 10, what is -4 + 55801633?
55801629
In base 16, what is -3d43a + -15?
-3d44f
In base 8, what is -4 - 105443453?
-105443457
In base 7, what is 15020 + -13331?
1356
In base 11, what is 3498 - 1a643?
-17156
In base 12, what is -4087a + -425?
-410a3
In base 11, what is -aa76 + -7138?
-17103
In base 15, what is -11b1e4 - -1?
-11b1e3
In base 15, what is -290d1 - -16c?
-28e64
In base 4, what is -3 + 21302103231?
21302103222
In base 5, what is 10430412 + -3210?
10422202
In base 3, what is -221101010101 + -1210?
-221101012011
In base 9, what is 11681 + 200?
11881
In base 9, what is -533 + -1437373?
-1438016
In base 14, what is 33a028b - -5?
33a0292
In base 4, what is 11310220 + 12133021?
30103301
In base 12, what is -35 + -176a236?
-176a26b
In base 14, what is -4099c207 + 3?
-4099c204
In base 12, what is -4a1 - -4b617?
4b136
In base 10, what is 1544388 + 6?
1544394
In base 15, what is -b3 - -1115a?
11097
In base 13, what is -22456 - 86?
-2250c
In base 6, what is -305424442 - 32?
-305424514
In base 8, what is -16624277 + -1?
-16624300
In base 14, what is -16c2 + -16c?
-1850
In base 12, what is -2 - 4b62600?
-4b62602
In base 7, what is 46223505 + -6?
46223466
In base 11, what is -4 + 46021084?
46021080
In base 11, what is 65 + 7694?
7749
In base 3, what is 101 + -102011012011220?
-102011012011112
In base 3, what is -10010 - -102021211012?
102021201002
In base 9, what is 21802131 + -1?
21802130
In base 14, what is -8b75d1 + 1?
-8b75d0
In base 5, what is 143 - -1230310234?
1230310432
In base 8, what is -157 + 5253670?
5253511
In base 10, what is 1002549 - 210?
1002339
In base 3, what is -122001 - 210210110011?
-210211002012
In base 16, wha